units digit of 8/(-4*(-3)/l)?
4
Let k be 4/((-8)/102) - -3. Let l = k - -81. Suppose -2*c - 5*u + 22 = 0, -3*c + u + l = -0*u. What is the tens digit of c?
1
Let t = -2 + 1. Let w = t - -5. Suppose -w*j = -0*j - 24. What is the units digit of j?
6
Let a(m) = -2*m**2 + 2*m + 1. Let l be a(2). Suppose 3*w + 4*g + 27 = 0, -9 = w + 3*g - 0. Let q = l - w. What is the units digit of q?
6
Let d = -8 - -5. Let s(g) = -g**3 + 3*g**2 - 1. Let x be s(3). Let t = x - d. What is the units digit of t?
2
Let v = -60 - -31. Let d = -21 - v. What is the units digit of d/(-10)*245/(-14)?
4
Let u = -2 - -8. Suppose y + 2*l = u*y - 61, y + l - 8 = 0. What is the tens digit of y?
1
Suppose -26 = -5*t - 2*l - 6, 0 = -5*t + 2*l. Let v(m) = -t + 1 + m - 2*m. What is the units digit of v(-3)?
2
Let l(z) = 12*z + 8. What is the tens digit of l(3)?
4
Suppose 0 = z + 4*z - 30. Let m be (1 + -2*z)*2. What is the units digit of (-12)/(-66) - 128/m?
6
What is the tens digit of -8*(39/(-4))/3?
2
Suppose 3*t - 255 = 5*p, 0 = -p + 3 - 6. What is the tens digit of t?
8
Suppose 4*q = 2*q + 326. What is the units digit of q?
3
Suppose -5*p = -2*n + 12, n - p = -5*p + 32. What is the units digit of n?
6
Let v = 50 - 34. Let h(j) = j**3 - 6*j**2 - j + 8. Let i be h(6). Let g = v - i. What is the tens digit of g?
1
Suppose -5*t + 445 = 3*u, 314 = 3*t - 4*u + 18. What is the tens digit of t?
9
Suppose 5*y - 5*i - 595 = 0, -6*y + 2*y - 3*i = -511. What is the tens digit of y?
2
Let m(c) be the second derivative of -c**3/2 + 3*c. What is the tens digit of m(-5)?
1
Let r(s) = s**3 + 9*s**2. What is the tens digit of r(-5)?
0
Suppose 2*p - 5*p + 3*o = 3, 2*o = 3*p - 1. What is the units digit of ((-11)/(-1) - 3) + p?
1
Suppose -1 = -3*x + 5. Let w = x + 1. What is the units digit of w?
3
Let o(z) = -4*z + z**2 + 1 + z - z - 3. Let m be o(5). Let w = m + 5. What is the units digit of w?
8
Let j = 0 + -7. Let k(q) = q**2 + 6*q + 2. What is the units digit of k(j)?
9
Let h = -39 - -77. Let z = h - 24. What is the units digit of z?
4
Suppose -4*d = -9*d + 5. Let m = d + 14. What is the units digit of m?
5
Let u(y) = y**3 - 5*y + 8. What is the units digit of u(0)?
8
Let s = -18 - -33. What is the units digit of s?
5
Let h = -24 + 13. Let f = 1 - h. Suppose -2*i = -5*g + 21, -5*g + 21 = 4*i - f. What is the units digit of g?
5
Let r(m) = 4 + 16 - 13 - 5*m. What is the tens digit of r(-5)?
3
Suppose 10*k - 4*k = 300. What is the tens digit of k?
5
Let a(w) = -w**2 + 3*w + 4. Let c be a(4). Suppose c = 7*f - 2*f - 25. Suppose u - 12 = -3*g, -6*u + u - f*g + 30 = 0. What is the units digit of u?
3
Suppose -m + 4*m - 94 = -4*j, -153 = -5*m - 3*j. What is the units digit of m?
0
Let d be ((-3)/(-4))/(4/32). Suppose -3*g - d = -0*g. What is the units digit of (g/(-5))/((-2)/(-10))?
2
Let p(k) = k - 8. Let b be p(6). Let c(j) = 0*j**2 + 0*j + 3*j + 2*j**2. What is the units digit of c(b)?
2
Let a(m) = -22*m + 4. What is the units digit of a(-1)?
6
Let y(k) be the first derivative of -k**2/2 + 10*k + 2. What is the units digit of y(5)?
5
Let i = 10 + -12. What is the units digit of i + 12 + (-2 - -1)?
9
Suppose -4*n + 0*n = 20, -3*l + 104 = 5*n. What is the tens digit of l?
4
Suppose -5*g - 4*p + 257 = 0, -p = -4*g - 3*p + 202. What is the units digit of g?
9
Suppose 0*p - 2*j = 2*p + 8, -2 = -2*j. Suppose -5 = -k + 3*z, 5*z = 2*k - 3 - 4. Let x = k - p. What is the units digit of x?
1
Let y be ((-30)/10)/(2 - -1). What is the units digit of 32/(-8) + (-6)/y?
2
Suppose 0 + 9 = 3*y. Suppose -2*z = -2*m - 2, y*z + m + m = 23. What is the units digit of z?
5
Let r(x) = -x + 2. What is the units digit of r(0)?
2
Suppose 0 = -0*p + 2*p - 2. What is the units digit of p?
1
Let p = -17 + 52. What is the units digit of p?
5
Let x be 66 - 4/(-8)*2. Suppose 0 = -3*u + 5*i + x + 78, 4*u + 2*i - 150 = 0. What is the units digit of u?
0
Suppose -4*p - p = -60. Let g be -1 + 4 + -3 - -5. Suppose 0*d + 3*q - p = -3*d, -5*d = -g*q - 10. What is the units digit of d?
3
Let l be 11*1/(-2)*-2. Let r = -9 + l. What is the units digit of r?
2
Let c(x) = -x**2 + 4*x - 5. Let s be c(5). Let p = s - -33. What is the tens digit of p?
2
Suppose -4 = -2*c - 6. Let r = -11 + c. Let g = r + 21. What is the units digit of g?
9
Suppose -5 = -n - 2. Let a(d) = 2*d + 6*d - n + 13 + d**2. What is the units digit of a(-7)?
3
Let g(u) = 5*u**2 - 2 + 4 + 3 - 4. What is the units digit of g(-1)?
6
Let z = 9 + -5. Suppose 3*v - v = z. What is the units digit of 16 + -1*(v - -1)?
3
What is the units digit of 2*(7/2 + -3)?
1
Suppose -u + 2 = -0. What is the units digit of u?
2
Suppose -8*o + 4*o + 28 = 0. What is the units digit of o?
7
Suppose -4*g + o = 4*o + 29, 2*o - 32 = 2*g. Let f = g - -12. What is the units digit of f?
1
Let x = -1 + 1. Let o = 3 - x. Suppose 2 = -o*t - 4*h, 5*t - 3*h = -0*t + 45. What is the units digit of t?
6
Let d = -42 + 270. What is the units digit of (-2)/6*d/(-4)?
9
Let g(o) be the third derivative of o**5/15 - o**3/6 - 2*o**2. What is the units digit of g(-1)?
3
Suppose 2*q = -3*q - n + 222, 2*n - 39 = -q. What is the tens digit of q?
4
Let d be (-320)/(-18) + (-8)/(-36). What is the units digit of (-11)/(-2) - (-9)/d?
6
Suppose 15 = 3*t - 12. Suppose t + 16 = 5*c. What is the units digit of c?
5
Let r(t) be the third derivative of t**5/60 - 7*t**4/24 - 2*t**3/3 - 3*t**2. Let h be r(8). Suppose -v - 33 = -h*v. What is the units digit of v?
1
Let u = -1 + 4. Suppose -4*y + 85 = -u*d, 0*y = y - 2*d - 20. What is the tens digit of y?
2
Suppose -y = -30 + 10. Suppose -4*r - y = -9*r. Suppose -r*k + 9 = -4*z + 1, 3*z - 9 = -2*k. What is the units digit of z?
1
Suppose -2*a + 11 - 1 = 2*r, 2*r - 4*a - 22 = 0. Let w = r + -5. Suppose w*j - 4 = -2. What is the units digit of j?
1
Suppose -3*x + 8*x = 185. What is the tens digit of x?
3
What is the tens digit of (-10)/4*(-176)/8?
5
Suppose 4*f - 161 = 2*a - 481, -3*a + 2*f = -496. What is the tens digit of a?
6
Let b be (-2 + 2 - 3) + 15. Let c = -6 + b. What is the units digit of c?
6
Suppose 5*m - 3*t + t - 33 = 0, 4*m - 24 = t. Suppose 0 = n + j - m, 2*n = 6*n + 5*j - 23. What is the units digit of (-6)/(-4)*n/3?
1
Let p be (10/(-25))/(2/(-20)). Suppose -f + 18 = 5*c, -f = p*f + 5*c - 30. What is the units digit of f?
3
Suppose -2*v = x - 0*x - 2, -5*v - x + 8 = 0. Suppose -v*p + 18 + 30 = 0. What is the units digit of p?
4
Suppose 18 = 4*u + 2*b, 4*u - 14 = 3*b - b. Suppose -m = u*m. Let n(g) = g**3 + g**2 + 13. What is the units digit of n(m)?
3
Suppose 10 = 4*s - 2. Let t be (2 - 2)/(3/(-3)). Suppose t = o + s*o - 44. What is the tens digit of o?
1
Let g(n) = -n**2 - 4*n - 1. Let m be g(-3). Suppose 0 = m*o - 0*o - 102. What is the tens digit of o?
5
Let l(j) = -j**2 + 5*j - 1. Let y = -4 + 8. Let f be l(y). Suppose 3*u - 6*u = -f. What is the units digit of u?
1
Let c = 5 + -2. Suppose -c = -q - 0. Suppose t - q*t + 2 = 0. What is the units digit of t?
1
Suppose 6*k = c + k - 26, 4*c + 5*k - 129 = 0. What is the tens digit of c?
3
Let w(m) = -m**3 + 11*m**2 - 9*m - 1. Let c = 8 - -2. What is the units digit of w(c)?
9
Suppose -r + 2 = -g - 0, -4*g + 5*r = 13. Suppose -g*l + 52 = 4. What is the units digit of l?
6
Let k(n) = -2*n**2 - 2*n + 3. Let f be k(2). Let m(z) = -4*z - 12. What is the units digit of m(f)?
4
Let u(x) = -x**3 + 6*x**2 + 9*x + 3. Let l(r) be the first derivative of -r**3/3 + 5*r**2 + 7*r - 1. Let i be l(10). What is the tens digit of u(i)?
1
Let m = -6 + 34. What is the tens digit of m?
2
What is the units digit of 5*(-4)/(-30) + 1659/9?
5
Suppose 0 = -8*d + d + 952. What is the tens digit of d?
3
Let q = 4 + -7. What is the tens digit of (-38)/q + (-4)/6?
1
Suppose 0 = -g + a + 74, -5*g + 3*a + 496 = 122. What is the units digit of g?
6
Let v(h) be the second derivative of -3*h**5/20 - h**4/3 - 2*h**3/3 - 3*h**2/2 + 3*h. What is the units digit of v(-2)?
3
Suppose 90 = -f + 4*f. What is the tens digit of f?
3
Suppose 4*m - 84 = -5*i + 56, 0 = -5*i - 5*m + 135. What is the tens digit of i?
3
What is the tens digit of -1 + 4 + 126 + -2 + 4?
3
Suppose 4*x + 0*x + i - 34 = 0, 5*x - i = 38. What is the units digit of (-27)/(-4) - (-2)/x?
7
Suppose -5*c - 2*h = -21, 2*c - 2*h = 3*h - 9. Let n = c + 1. Suppose n*j - 8 = -0. What is the uni